he remainder when 12187 is divided by 1126.
927
Calculate the remainder when 546783 is divided by 1156.
1151
Calculate the remainder when 1695 is divided by 190.
175
Calculate the remainder when 40321 is divided by 180.
1
Calculate the remainder when 234989 is divided by 662.
641
What is the remainder when 1298 is divided by 475?
348
Calculate the remainder when 6995 is divided by 999.
2
What is the remainder when 7903389 is divided by 55?
54
What is the remainder when 45806 is divided by 440?
46
What is the remainder when 959757 is divided by 186?
183
What is the remainder when 5458 is divided by 909?
4
What is the remainder when 2932 is divided by 2837?
95
What is the remainder when 11609 is divided by 5792?
25
What is the remainder when 86835 is divided by 246?
243
What is the remainder when 505 is divided by 279?
226
Calculate the remainder when 102813 is divided by 48.
45
Calculate the remainder when 1277 is divided by 328.
293
Calculate the remainder when 697 is divided by 231.
4
Calculate the remainder when 186651 is divided by 68.
59
Calculate the remainder when 32302 is divided by 82.
76
What is the remainder when 16995 is divided by 162?
147
What is the remainder when 225165 is divided by 35?
10
What is the remainder when 103045 is divided by 462?
19
What is the remainder when 108232 is divided by 14?
12
What is the remainder when 130454 is divided by 11?
5
What is the remainder when 4386 is divided by 1451?
33
What is the remainder when 1955 is divided by 795?
365
What is the remainder when 309085 is divided by 58?
3
Calculate the remainder when 1109 is divided by 580.
529
Calculate the remainder when 204632 is divided by 17.
3
Calculate the remainder when 129 is divided by 85.
44
Calculate the remainder when 12662 is divided by 57.
8
What is the remainder when 4050 is divided by 45?
0
Calculate the remainder when 2376 is divided by 4.
0
Calculate the remainder when 389980 is divided by 56.
52
What is the remainder when 4653 is divided by 331?
19
What is the remainder when 26017 is divided by 1040?
17
Calculate the remainder when 8730 is divided by 144.
90
Calculate the remainder when 48003 is divided by 57.
9
What is the remainder when 278224 is divided by 246?
244
Calculate the remainder when 206454 is divided by 1576.
1574
What is the remainder when 858770 is divided by 33029?
16
What is the remainder when 1528 is divided by 916?
612
Calculate the remainder when 124 is divided by 9.
7
Calculate the remainder when 8413 is divided by 8404.
9
What is the remainder when 29942 is divided by 144?
134
Calculate the remainder when 1967644 is divided by 655879.
7
What is the remainder when 2223 is divided by 695?
138
Calculate the remainder when 35599 is divided by 217.
11
What is the remainder when 300900 is divided by 75221?
16
Calculate the remainder when 2353 is divided by 2333.
20
Calculate the remainder when 93184 is divided by 31.
29
Calculate the remainder when 37569 is divided by 6.
3
Calculate the remainder when 321433 is divided by 326.
323
Calculate the remainder when 6625 is divided by 367.
19
Calculate the remainder when 637696 is divided by 1224.
1216
Calculate the remainder when 14406 is divided by 3572.
118
What is the remainder when 67210 is divided by 38?
26
Calculate the remainder when 37156 is divided by 149.
55
Calculate the remainder when 37056 is divided by 17.
13
What is the remainder when 45138 is divided by 248?
2
What is the remainder when 6901 is divided by 702?
583
What is the remainder when 107802 is divided by 1268?
22
Calculate the remainder when 428363 is divided by 438.
437
Calculate the remainder when 146039 is divided by 390.
179
Calculate the remainder when 16469 is divided by 4117.
1
What is the remainder when 38569 is divided by 190?
189
What is the remainder when 111460 is divided by 10132?
8
Calculate the remainder when 1265185 is divided by 13604.
13
What is the remainder when 63515 is divided by 275?
265
What is the remainder when 1239 is divided by 148?
55
Calculate the remainder when 4310 is divided by 207.
170
What is the remainder when 23162 is divided by 41?
38
Calculate the remainder when 14680 is divided by 165.
160
Calculate the remainder when 6635 is divided by 62.
1
What is the remainder when 179479 is divided by 47?
33
What is the remainder when 26144 is divided by 363?
8
Calculate the remainder when 4812 is divided by 1565.
117
What is the remainder when 316 is divided by 21?
1
What is the remainder when 67668 is divided by 22536?
60
What is the remainder when 40622 is divided by 20193?
236
What is the remainder when 259623 is divided by 10817?
15
Calculate the remainder when 100339 is divided by 1305.
1159
Calculate the remainder when 5448 is divided by 28.
16
Calculate the remainder when 248982 is divided by 144.
6
Calculate the remainder when 112829 is divided by 3223.
24
What is the remainder when 80101 is divided by 20017?
33
What is the remainder when 3044 is divided by 378?
20
Calculate the remainder when 33884 is divided by 8470.
4
What is the remainder when 706290 is divided by 21?
18
What is the remainder when 73802 is divided by 399?
386
Calculate the remainder when 363536 is divided by 112.
96
Calculate the remainder when 8033 is divided by 78.
77
Calculate the remainder when 55399 is divided by 91.
71
What is the remainder when 22793 is divided by 228?
221
What is the remainder when 826398 is divided by 65?
53
What is the remainder when 462059 is divided by 306?
305
Calculate the remainder when 19380 is divided by 234.
192
What is the remainder when 1484660 is divided by 1209?
8
What is the remainder when 3478 is divided by 3257?
221
What is the remainder when 47031 is divided by 11?
6
What is the remainder when 182626 is divided by 114?
112
What is the remainder when 8641 is divided by 272?
209
What is the remainder when 7826 is divided by 3868?
90
What is the remainder when 209833 is divided by 17?
2
What is the remainder when 7580 is divided by 327?
59
Calculate the remainder when 430267 is divided by 526.
525
What is the remainder when 16343 is divided by 785?
643
What is the remainder when 7191 is divided by 7069?
122
What is the remainder when 1873 is divided by 76?
49
Calculate the remainder when 27634 is divided by 49.
47
Calculate the remainder when 22275 is divided by 62.
17
Calculate the remainder when 3978 is divided by 17.
0
What is the remainder when 44653 is divided by 44633?
20
What is the remainder when 1296418 is divided by 410?
408
Calculate the remainder when 11227 is divided by 117.
112
What is the remainder when 264 is divided by 116?
32
Calculate the remainder when 12791 is divided by 124.
19
What is the remainder when 6962 is divided by 537?
518
Calculate the remainder when 22085 is divided by 5499.
89
What is the remainder when 40980 is divided by 12?
0
What is the remainder when 103483 is divided by 37?
31
What is the remainder when 21250 is divided by 10619?
12
Calculate the remainder when 6749 is divided by 306.
17
Calculate the remainder when 63981 is divided by 231.
225
What is the remainder when 24686 is divided by 106?
94
What is the remainder when 6201 is divided by 122?
101
What is the remainder when 84191 is divided by 15?
11
Calculate the remainder when 5133 is divided by 427.
9
What is the remainder when 28 is divided by 7?
0
What is the remainder when 1055894 is divided by 356?
354
What is the remainder when 19640 is divided by 21?
5
Calculate the remainder when 1414 is divided by 1356.
58
What is the remainder when 45194 is divided by 22596?
2
Calculate the remainder when 16706 is divided by 917.
200
Calculate the remainder when 13335 is divided by 256.
23
What is the remainder when 40891 is divided by 102?
91
Calculate the remainder when 8725 is divided by 105.
10
Calculate the remainder when 725278 is divided by 167.
164
What is the remainder when 259204 is divided by 82?
2
Calculate the remainder when 23928 is divided by 22.
14
Calculate the remainder when 151515 is divided by 50502.
9
Calculate the remainder when 97448 is divided by 12.
8
Calculate the remainder when 202180 is divided by 67386.
22
Calculate the remainder when 442512 is divided by 46.
38
What is the remainder when 842629 is divided by 287?
284
What is the re